e -5*w + 10 = l, 120 - 36 = u + 4*w. What is the greatest common divisor of 133 and u?
19
Let l = -6503 + 6643. Let o be (-4)/(-30) + (-15112)/(-60). Calculate the greatest common factor of o and l.
28
Let o(w) = -w**3 + w**2 + 29*w + 144. Let x be o(-4). What is the greatest common factor of x and 135?
27
Suppose -6*i + 63801 = 21*i. Calculate the greatest common divisor of 2224 and i.
139
Suppose 16 = 2*m - 4*x, 2*m + 4*x = -0 - 8. Suppose 0 = f - 1, 2*f + 185 + 5 = m*j. Calculate the highest common divisor of j and 224.
32
Let s = -2726 - -3433. Calculate the greatest common divisor of 101 and s.
101
Suppose -433 - 189 = -2*l + 478. Let j(c) = 2*c**2 + 5*c + 2. Let x be j(-6). What is the greatest common divisor of l and x?
22
Suppose 2*k = -4, -20*k + 21*k + 22 = 5*o - 0*o. Suppose 6 = r - 16. Calculate the greatest common divisor of r and o.
2
Suppose 0 = -4*x - o + 17969, 45*x + 5*o + 17939 = 49*x. What is the greatest common factor of 9 and x?
9
Let l be (-2 - -454) + (-1008)/(-84). Calculate the highest common divisor of 216 and l.
8
Let d(p) = -2500*p - 25. Let z be d(-1). What is the highest common divisor of z and 3575?
275
Let n = 17589 - 17538. Calculate the greatest common factor of 177 and n.
3
Let u be 9 - (-2)/(2364/2356 + -1). What is the highest common factor of 184 and u?
46
Let y(k) = 2*k + 4. Let g(x) = x + 2. Let p(m) = 5*g(m) - 2*y(m). Let i be p(-9). Let q = 30 + i. Calculate the greatest common divisor of q and 69.
23
Suppose 7*w - 326 = -4. Suppose 1783 = 13*h - 11. Calculate the greatest common divisor of h and w.
46
Let i(n) = 2*n**2 - 10*n + 5. Suppose 20*r - 16 = 19*r. Let x be i(r). What is the highest common factor of 21 and x?
21
Let r(k) = -7*k**3 - 2*k**2 - 4*k - 4. Let x = -53 - -51. Let v be r(x). Calculate the greatest common factor of 4 and v.
4
Suppose 0*g + 6*g - 468 = 0. Let d = g + -78. Let q be ((14 - d) + -2)/(33/22). What is the greatest common factor of 64 and q?
8
Let h(m) = -m**3 + 43*m**2 - 37*m - 48. Let k(i) = 11*i**2 - i. Let s be k(2). Let d be h(s). What is the highest common factor of d and 36?
18
Suppose 0 = -t - 3*t + 16. Let p be t + 2/(1 + 0). Suppose 0 = -5972*b + 5987*b - 630. What is the highest common factor of p and b?
6
Suppose -5*y + 4*w = -2200, 5*y - 5*w - 2451 + 251 = 0. Suppose 5*p = 5*z - 445, -4*z + 9*z - 4*p - y = 0. What is the greatest common divisor of z and 60?
12
Let z(m) = 83*m**2 - 975*m - 53. Let b be z(14). What is the greatest common divisor of 1080 and b?
135
Suppose -10*g + 43618 + 47018 = 18*g. What is the highest common factor of g and 273?
39
Let z(c) = -c**3 + 13*c**2 + 6*c + 16. Let f be z(12). Let x = -134 + f. Let t be -6*((-140)/(-6))/(-10). Calculate the greatest common divisor of x and t.
14
Suppose -3*g + g - 5*z - 267 = 0, -285 = 2*g - z. Let i = -97 - g. Calculate the highest common factor of i and 396.
44
Let b(z) = z + 2. Let s be b(-3). Let k(n) = -10*n - 1. Let d be k(s). Suppose 880 = t + d*t. Calculate the greatest common divisor of 8 and t.
8
Let z be 39783/801 - ((-10)/(-6) + -1). What is the highest common factor of 154 and z?
7
Let n = -103881 + 104413. Suppose 2*c - 157 = 5*k, -2*k - 131 = -4*c + 175. What is the highest common divisor of n and c?
76
Let k = 5606 - 5321. Calculate the highest common divisor of 114 and k.
57
Let t be (1752/26)/((-84)/(-546)). What is the highest common factor of 2117 and t?
73
Let g be (0/2)/(-3) + -1 + 95. Let w = -86 + g. Let v be 1/(-4) + 1274/w + 1. Calculate the greatest common factor of v and 20.
20
Let n = 157 + -77. Let b(j) = j**3 + 173*j**2 - 26*j - 4298. Let u be b(-173). Calculate the greatest common divisor of u and n.
40
Suppose -2*m = -2730 - 490. Let j be ((-16)/10)/(7/(m/(-4))). Calculate the highest common divisor of j and 69.
23
Let m(o) = -o**2 - 8*o. Let q be m(-7). Let g(v) = v**2 - 37*v + 280. Let a be g(28). Calculate the greatest common divisor of a and q.
7
Suppose -2*k + 4315 = 2*v - 14577, -2*k + 18886 = 4*v. Calculate the highest common factor of 11 and k.
11
Suppose 4073*m - 4133*m = -1500. Let g be (-2)/5 + (-2127)/(-5). What is the greatest common divisor of g and m?
25
Suppose 0 = 109*t - 112*t + 15. Suppose -t*a = -29*a + 288. Calculate the highest common factor of 12 and a.
12
Let x = -41 + 132. Suppose -73*d + 28 = -69*d. Calculate the greatest common factor of d and x.
7
Let w = -219 + 330. Let l be (-407)/(-3*(-26)/(-78)). Calculate the highest common factor of l and w.
37
Let s = 167 - 163. Suppose 6*c - 3*c = 1230. Suppose 5*t + s*f = f + 394, 5*f + c = 5*t. Calculate the highest common factor of t and 10.
10
Let s = 427 - 147. Let p be ((-216)/10)/((-52)/130). Suppose -52*n + p*n = 56. Calculate the highest common divisor of n and s.
28
Suppose 0 = -0*w + w - 8. Let c(z) = z**2 - 6*z + 9. Let i be c(5). Let l be (i - -28)/(10/5). What is the highest common factor of l and w?
8
Let f be ((-210)/(-56))/((-20)/(-1056)). What is the highest common factor of 54 and f?
18
Let o be ((-238)/(-84))/((-3)/(-90)). Calculate the highest common divisor of o and 5015.
85
Let u(w) = 4*w**2 - 18*w - 5. Let v be u(-5). Let d = 925 - v. Suppose -9*c = -5*c - d. Calculate the greatest common divisor of c and 37.
37
Let w(v) = -2. Let a(h) = -3*h**2 - h - 2. Let o(n) = -a(n) + w(n). Let l be o(-2). Calculate the highest common divisor of l and 35.
5
Suppose -36*g = 54*g - 480870. Calculate the highest common factor of g and 39.
39
Let r(q) = 311*q - 1068. Let b be r(24). Calculate the greatest common factor of b and 369.
123
Suppose 8 = 3*a + n - 121, -222 = -5*a - 4*n. Let z be (279/5 - -1) + (-6388)/7985. Calculate the greatest common factor of z and a.
14
Suppose -78*u = -217*u - 62*u + 1407. Calculate the highest common divisor of 203 and u.
7
Suppose 49 = -0*u + 4*u - r, 0 = -u + 3*r + 4. Let z(b) = -3680*b + 7464. Let a be z(2). Calculate the highest common divisor of u and a.
13
Let l(m) = m**3 - 2*m**2 - 3*m - 14. Let b be l(4). Let s(p) = 53*p**3 + 2. Let u be s(2). What is the greatest common divisor of u and b?
6
Suppose p = -p + 50. Let x = -1158 - -1206. Let q be 55*30/4*32/x. Calculate the greatest common divisor of q and p.
25
Let p(r) = r**3 - 7*r**2 - 6*r + 5. Let x(k) = 1. Let c(a) = p(a) - 4*x(a). Let l be c(8). Let d = l - 13. What is the highest common factor of d and 2?
2
Let z = 12755 + -12748. Calculate the greatest common factor of z and 175.
7
Suppose 5*i - 3*i = 6. Let f be (7 + 4/(-4))/(i/(-2)). Let c be 41 + 0 - (-5 - (-3 + f)). Calculate the greatest common factor of c and 3.
3
Suppose 0*w + 2232 = 3*s - 3*w, -754 = -s - 4*w. Suppose 3*b = y + 754, 0 = 3*b + y - 6*y - s. Calculate the highest common divisor of 28 and b.
28
Let f = 8249 + -7081. Calculate the highest common factor of 657 and f.
73
Let b be 53 + (0 - 1) - -1. Let y be 1443/9 - 332/249. What is the greatest common divisor of y and b?
53
Let k = 13304 + -13300. Let q = -67 + 183. Calculate the highest common divisor of q and k.
4
Let h = 1794 - 1785. Let k(x) = -17*x - 2. Let l be k(2). Let z = 108 - l. Calculate the highest common factor of h and z.
9
Let y be 81/45*5/3. Suppose y = r + 6, 30 = u + 2*r. Calculate the greatest common factor of u and 1044.
36
Let l be (6/(-4))/(195/(-910)). Let v = 10 - l. What is the highest common divisor of 9 and v?
3
Let k(s) = -25*s**2 - s + 53. Let h(i) = -13*i**2 - i + 27. Let y(m) = 5*h(m) - 3*k(m). Let u be y(6). Calculate the highest common divisor of 36 and u.
36
Suppose -10152 = -28*z + 4*z. Suppose z = 2*p - l, 2*l - 190 = -p + 9. Calculate the greatest common divisor of p and 19.
19
Suppose 10*v - 5*v = -2*o + 27, 0 = 5*o - 5*v + 20. Let c(s) = 124*s**3 + 2*s**2 - 2*s + 1. Let j be c(o). Calculate the highest common divisor of 50 and j.
25
Let s be 7/2*(-92)/(-161). Suppose -s*m = 3*m - 130. Calculate the greatest common factor of m and 65.
13
Let r(s) = -3*s**3 + 60*s**2 + 21. Let c be r(20). Calculate the greatest common factor of 1659 and c.
21
Let j(b) = 4*b**2 + b**2 + 8 - 12*b + 3*b - 4*b**2. Let f be j(9). What is the highest common divisor of f and 8?
8
Let i(x) = 5*x**2 - 67*x + 8. Let v be i(-5). Calculate the greatest common factor of 390 and v.
78
Let u = -37 + -16. Let p = u - -61. Suppose -17 - 1 = -3*d + 3*o, 0 = -4*o - p. 